{"id":12007,"date":"2025-09-02T17:41:52","date_gmt":"2025-09-02T17:41:52","guid":{"rendered":"http:\/\/server-webvepu.vepu.dom\/?page_id=12007"},"modified":"2025-10-18T18:00:29","modified_gmt":"2025-10-18T16:00:29","slug":"al-chiaro-di-luna","status":"publish","type":"page","link":"https:\/\/www.vepufoundation.it\/?page_id=12007","title":{"rendered":"Al Chiaro di Luna"},"content":{"rendered":"\n<figure class=\"wp-block-image story-cover\"><img decoding=\"async\" src=\"\/wp-content\/uploads\/vepu-import\/al-chiaro-di-luna-img2.jpg\" alt=\"Al Chiaro di Luna\"\/><\/figure>\n\n\n\n<p><\/p>\n\n\n\n<p><\/p>\n\n\n\n<p><strong>-Luna Nuova-<\/strong><\/p>\n\n\n\n<p>Nella seconda parte della storia, Al Chiaro di Luna, la vicenda si intreccia ulteriormente con l\u2019arrivo di nuovi personaggi e misteri. Le gemelle Louise e Melanie Rose diventano \ufb01gure centrali del racconto.<\/p>\n\n\n\n<p><strong>-Le Gemelle Rose: Louise e Melanie-<\/strong><\/p>\n\n\n\n<p>Melanie, a di\ufb00erenza di quanto si credeva, non era stata rinchiusa dai genitori per problemi psichiatrici: la Vepu Foundation l\u2019aveva sfruttata per esperimenti disumani. Manipolata e indottrinata, divenne una pedina essenziale dell\u2019organizzazione, \ufb01no a trasformarsi nel suo braccio destro. Fu lei a concepire un piano diabolico per sostituirsi alla sorella Louise, cos\u00ec da controllare Homar pi\u00f9 da vicino.<\/p>\n\n\n\n<p><strong>-Il Piano di Carl Vepu-<\/strong><\/p>\n\n\n\n<p>Carl Vepu, leader della fondazione, temeva che Homar potesse rivelare informazioni compromettenti e decise di neutralizzarlo. Con la complicit\u00e0 di Melanie organizz\u00f2 lo scambio tra le gemelle, facendo s\u00ec che quest\u2019ultima prendesse il posto di Louise. Somministrandogli una terapia segreta, ideata per destabilizzarlo e indurlo a rivelare il nascondiglio del suo diario, Melanie lo condusse progressivamente alla perdita dilucidit\u00e0.<\/p>\n\n\n\n<p><strong>-La Tragica Notte di Luna Piena-<\/strong><\/p>\n\n\n\n<p>In una notte rischiarata dalla luna, convinto di trovarsi di fronte a Melanie e deciso a liberarsi del suo tormento, Homar uccise colei che credeva la gemella corrotta.<br>Purtroppo, ingannato dall\u2019oscurit\u00e0, dal fragore costante dell\u2019acqua che cadeva dalle paratoie della diga e dal sordo crepitio della corrente elettrica che attraversava i cavi sospesi nell\u2019aria umida, non si accorse che si trattava di Louise, fuggita per metterlo in guardia dal complotto.<br>Non riconoscendola, la colp\u00ec a morte, trasformandosi cos\u00ec in un fuggitivo accusato di omicidio.<\/p>\n\n\n\n<p><strong>-L\u2019aiuto di Celeste Luce-<\/strong><\/p>\n\n\n\n<p>Riusc\u00ec a scappare grazie a Celeste Luce, un amico poliziotto. Ci\u00f2 che Homar non sapeva era che Celeste lavorava segretamente per Carl Vepu, incaricato di sorvegliarlo e manipolarlo. Col tempo, vedendo la reputazione di Homar distrutta e comprendendo l\u2019ingiustizia a cui aveva contribuito, Celeste si pent\u00ec. Decise allora di svelargli i dettagli del complotto che aveva portato alla morte di Louise, aiutandolo a comprendere la trama ordita da Carl.<\/p>\n\n\n\n<p><strong>-La Scoperta del Complotto e la Reazione di Homar-<\/strong><\/p>\n\n\n\n<p>Tormentato dal senso di colpa e dalla paura, Homar fugg\u00ec, ma durante la sua corsa i tasselli del puzzle iniziarono a combaciare nella sua testa. Realizz\u00f2 di essere stato ingannato da Carl e Melanie e consapevole della macchinazione che lo aveva distrutto, decise di reagire.<\/p>\n\n\n\n<p><strong>-Un Pianista Amico-<\/strong><\/p>\n\n\n\n<p>Si rivolse al suo \ufb01dato amico Dilanh, talentuoso pianista, per a\ufb03dargli la seconda parte del diario. In esso aveva raccolto informazioni cruciali sulle sue ricerche, inclusi dettagli sull\u2019Equazione dell\u2019Anima e prove in grado di smascherare la Vepu Foundation. Per proteggerle, Homar le nascose in uno spartito dell\u2019opera Al Chiaro di Luna di Beethoven, crittografandole con il complesso codice di Fibonacci, certo che solo Dilanh fosse in grado di decifrarle.<\/p>\n\n\n\n<p><strong>-Le Mosse della Vepu Foundation-<\/strong><\/p>\n\n\n\n<p>La fondazione intercett\u00f2 il messaggio e si mosse rapidamente per coprire ogni traccia. Carl, insieme a Melanie, costru\u00ec una falsa narrativa per giusti\ufb01care la morte di Louise e nascondere ci\u00f2 che stava realmente accadendo.<\/p>\n\n\n\n<p><strong>-Il Ruolo di Jack Vepu-<\/strong><\/p>\n\n\n\n<p>In questo scenario emerse Jack Vepu, fratello di Carl. Figura complessa e ambivalente, era pi\u00f9 consapevole dei rischi legati all\u2019uso dell\u2019Equazione dell\u2019Anima. Nonostante i crescenti dubbi sull\u2019operato del fratello e sulla fondazione, non riusc\u00ec a fermare Carl, che continuava a sfruttare le scoperte di Homar per manipolare le coscienze e tentare di piegare il destino a proprio vantaggio.<\/p>\n\n\n\n<p><strong>-La Caccia a Homar Seller-<\/strong><\/p>\n\n\n\n<p>Sempre pi\u00f9 paranoico e temendo che Homar potesse rivelare la verit\u00e0 al mondo, Carl organizz\u00f2 una vera e propria caccia all\u2019uomo. Homar, ormai consapevole dei giochi di potere che lo circondavano, continuava a lottare nonostante i tentativi della fondazione di intercettare i suoi messaggi e impedirgli di di\ufb00ondere le informazioni. La sua vita era ormai appesa a un \ufb01lo.<\/p>\n\n\n\n<p><strong>-La Fine di Homar e il Mistero della Lettera-<\/strong><\/p>\n\n\n\n<p>Alla \ufb01ne, Carl riusc\u00ec a rintracciarlo e lo elimin\u00f2, inscenando un suicidio per impiccagione. La fondazione di\ufb00use la falsa immagine di un Homar disperato e colpevole, ma i segreti che aveva nascosto potevano ancora cambiare il corso degli eventi. Poco prima di morire, scrisse un\u2019ultima lettera, convinto fosse la sua ultima possibilit\u00e0 di rivelare ci\u00f2 che sapeva. Questa lettera, per\u00f2, non fu mai ritrovata, lasciando dietro di s\u00e9 un alone di mistero. Carl riusc\u00ec anche a recuperare la prima e la seconda parte del diario, garantendo alla fondazione un apparente controllo sulle informazioni che Homar aveva tentato di proteggere.<\/p>\n\n\n\n<p><strong>-L\u2019Ombra della Luna-<\/strong><\/p>\n\n\n\n<p>Anche se la lettera rimase dispersa, gli indizi disseminati da Homar in trent\u2019anni di ricerche potevano ancora condurre all\u2019Equazione dell\u2019Anima e impedirne l\u2019uso per \ufb01ni oscuri. Un ultimo mistero avvolse la sua vita: si scopr\u00ec che era stato a Ceprano gi\u00e0 nel 1964, ma la ragione di quella visita rest\u00f2 sconosciuta. Homar Seller sperava che le sue ultime rivelazioni potessero \ufb01nalmente cambiare il destino di tutti.<\/p>\n\n\n\n<h2 class=\"wp-block-heading chapter-title\">Video<\/h2>\n\n\n\n<ul class=\"wp-block-list\">\n<li><a href=\"https:\/\/www.youtube.com\/watch?v=-B2JJL1t_y4\" target=\"_blank\" rel=\"noopener\">https:\/\/www.youtube.com\/watch?v=-B2JJL1t_y4<\/a><\/li>\n\n\n\n<li><a href=\"https:\/\/www.youtube.com\/watch?v=GfHPHsXTtjg\" target=\"_blank\" rel=\"noopener\">https:\/\/www.youtube.com\/watch?v=GfHPHsXTtjg<\/a><\/li>\n\n\n\n<li><a href=\"https:\/\/www.youtube.com\/watch?v=nn4pJs-y8Fg\" target=\"_blank\" rel=\"noopener\">https:\/\/www.youtube.com\/watch?v=nn4pJs-y8Fg<\/a><\/li>\n\n\n\n<li><a href=\"https:\/\/www.youtube.com\/watch?v=BWXA9c82fLUVIDEO\" target=\"_blank\" rel=\"noopener\">https:\/\/www.youtube.com\/watch?v=BWXA9c82fLUVIDEO<\/a><\/li>\n<\/ul>\n\n\n\n<p><\/p>\n","protected":false},"excerpt":{"rendered":"<p>-Luna Nuova- Nella seconda parte della storia, Al Chiaro di Luna, la vicenda si intreccia ulteriormente con l\u2019arrivo di nuovi personaggi e misteri. Le gemelle Louise e Melanie Rose diventano \ufb01gure centrali del racconto. -Le Gemelle Rose: Louise e Melanie- Melanie, a di\ufb00erenza di quanto si credeva, non era stata rinchiusa dai genitori per problemi &hellip; <\/p>\n<p class=\"link-more\"><a href=\"https:\/\/www.vepufoundation.it\/?page_id=12007\" class=\"more-link\">Leggi tutto<span class=\"screen-reader-text\"> &#8220;Al Chiaro di Luna&#8221;<\/span><\/a><\/p>\n","protected":false},"author":1,"featured_media":0,"parent":12000,"menu_order":0,"comment_status":"closed","ping_status":"closed","template":"","meta":{"footnotes":""},"class_list":["post-12007","page","type-page","status-publish","hentry"],"_links":{"self":[{"href":"https:\/\/www.vepufoundation.it\/index.php?rest_route=\/wp\/v2\/pages\/12007","targetHints":{"allow":["GET"]}}],"collection":[{"href":"https:\/\/www.vepufoundation.it\/index.php?rest_route=\/wp\/v2\/pages"}],"about":[{"href":"https:\/\/www.vepufoundation.it\/index.php?rest_route=\/wp\/v2\/types\/page"}],"author":[{"embeddable":true,"href":"https:\/\/www.vepufoundation.it\/index.php?rest_route=\/wp\/v2\/users\/1"}],"replies":[{"embeddable":true,"href":"https:\/\/www.vepufoundation.it\/index.php?rest_route=%2Fwp%2Fv2%2Fcomments&post=12007"}],"version-history":[{"count":4,"href":"https:\/\/www.vepufoundation.it\/index.php?rest_route=\/wp\/v2\/pages\/12007\/revisions"}],"predecessor-version":[{"id":12137,"href":"https:\/\/www.vepufoundation.it\/index.php?rest_route=\/wp\/v2\/pages\/12007\/revisions\/12137"}],"up":[{"embeddable":true,"href":"https:\/\/www.vepufoundation.it\/index.php?rest_route=\/wp\/v2\/pages\/12000"}],"wp:attachment":[{"href":"https:\/\/www.vepufoundation.it\/index.php?rest_route=%2Fwp%2Fv2%2Fmedia&parent=12007"}],"curies":[{"name":"wp","href":"https:\/\/api.w.org\/{rel}","templated":true}]}}